is the hundreds digit of 55728776?
7
What is the hundreds digit of 17287102?
1
What is the units digit of 57749721?
1
What is the billions digit of 1133195331?
1
What is the hundred thousands digit of 1496110989?
1
What is the thousands digit of 288380402?
0
What is the units digit of 259332533?
3
What is the hundred millions digit of 2385692347?
3
What is the ten millions digit of 513776313?
1
What is the millions digit of 1223918745?
3
What is the hundreds digit of 77218961?
9
What is the billions digit of 1520884658?
1
What is the ten millions digit of 2012873455?
1
What is the thousands digit of 5336359919?
9
What is the ten millions digit of 676207743?
7
What is the ten millions digit of 3799232546?
9
What is the millions digit of 155454903?
5
What is the hundreds digit of 133051849?
8
What is the millions digit of 156952904?
6
What is the tens digit of 12885201?
0
What is the millions digit of 164325003?
4
What is the units digit of 106610125?
5
What is the hundred thousands digit of 2018406415?
4
What is the ten thousands digit of 103302540?
0
What is the thousands digit of 332173163?
3
What is the hundred thousands digit of 34053958?
0
What is the hundred millions digit of 148791423?
1
What is the hundred thousands digit of 914742?
9
What is the ten thousands digit of 391971170?
7
What is the ten thousands digit of 68284265?
8
What is the ten thousands digit of 151017234?
1
What is the hundred millions digit of 928730080?
9
What is the thousands digit of 7410175899?
5
What is the millions digit of 79739122?
9
What is the thousands digit of 4833075638?
5
What is the hundred millions digit of 138737851?
1
What is the millions digit of 394933499?
4
What is the hundreds digit of 57842198?
1
What is the ten thousands digit of 43538936?
3
What is the hundred thousands digit of 2784318117?
3
What is the hundred millions digit of 2046935131?
0
What is the millions digit of 711329593?
1
What is the tens digit of 4786650808?
0
What is the units digit of 124661614?
4
What is the ten millions digit of 1589217230?
8
What is the tens digit of 120562874?
7
What is the tens digit of 79381574?
7
What is the hundreds digit of 971291108?
1
What is the units digit of 760088410?
0
What is the hundred thousands digit of 508958555?
9
What is the ten thousands digit of 1612686?
1
What is the hundreds digit of 29592127?
1
What is the hundred thousands digit of 5607211709?
2
What is the millions digit of 257211963?
7
What is the thousands digit of 4409709507?
9
What is the millions digit of 41019305?
1
What is the ten millions digit of 386984124?
8
What is the units digit of 36716066?
6
What is the units digit of 99403881?
1
What is the ten millions digit of 198308238?
9
What is the ten millions digit of 679860760?
7
What is the hundred thousands digit of 60138160?
1
What is the thousands digit of 41510917?
0
What is the ten thousands digit of 58172329?
7
What is the hundred thousands digit of 1926394835?
3
What is the thousands digit of 225901980?
1
What is the ten millions digit of 2005135641?
0
What is the millions digit of 103991278?
3
What is the hundred millions digit of 130662071?
1
What is the hundred thousands digit of 60713720?
7
What is the tens digit of 262193751?
5
What is the hundred thousands digit of 44141189?
1
What is the hundred thousands digit of 263584747?
5
What is the hundreds digit of 289443540?
5
What is the ten thousands digit of 2508287417?
8
What is the tens digit of 151781472?
7
What is the hundred thousands digit of 300951987?
9
What is the billions digit of 3084353450?
3
What is the hundred millions digit of 1820137158?
8
What is the ten millions digit of 363039085?
6
What is the millions digit of 1314696724?
4
What is the hundred thousands digit of 92110498?
1
What is the ten millions digit of 1128597400?
2
What is the ten millions digit of 3089155173?
8
What is the hundred millions digit of 641153231?
6
What is the hundreds digit of 61255391?
3
What is the hundred millions digit of 898870060?
8
What is the hundred millions digit of 475384414?
4
What is the units digit of 2109698609?
9
What is the tens digit of 271027539?
3
What is the ten thousands digit of 444828932?
2
What is the millions digit of 8453607?
8
What is the millions digit of 83215012?
3
What is the units digit of 21425643?
3
What is the thousands digit of 307502787?
2
What is the hundred thousands digit of 12187168?
1
What is the tens digit of 49731745?
4
What is the hundred millions digit of 913831081?
9
What is the units digit of 35715761?
1
What is the ten thousands digit of 676878651?
7
What is the millions digit of 48725499?
8
What is the hundred thousands digit of 380960924?
9
What is the millions digit of 32346469?
2
What is the units digit of 2268270445?
5
What is the tens digit of 592829552?
5
What is the units digit of 14525432?
2
What is the thousands digit of 40132339?
2
What is the thousands digit of 665884352?
4
What is the millions digit of 287776027?
7
What is the ten millions digit of 938842777?
3
What is the millions digit of 1390462317?
0
What is the millions digit of 1679524850?
9
What is the tens digit of 1212532295?
9
What is the millions digit of 260779153?
0
What is the ten millions digit of 779691022?
7
What is the hundreds digit of 12952899?
8
What is the ten thousands digit of 4778436015?
3
What is the units digit of 49804096?
6
What is the ten thousands digit of 66786195?
8
What is the units digit of 1208195226?
6
What is the ten thousands digit of 5216098?
1
What is the hundred thousands digit of 773040760?
0
What is the hundred thousands digit of 4035925282?
9
What is the thousands digit of 2979031?
9
What is the thousands digit of 383806113?
6
What is the hundred millions digit of 611492320?
6
What is the units digit of 2400194198?
8
What is the millions digit of 4601810?
4
What is the units digit of 769009169?
9
What is the ten millions digit of 358757155?
5
What is the millions digit of 8537326?
8
What is the hundred thousands digit of 19062778?
0
What is the tens digit of 37713115?
1
What is the hundreds digit of 1602139193?
1
What is the hundred thousands digit of 16707551?
7
What is the hundreds digit of 53822939?
9
What is the tens digit of 286743908?
0
What is the hundred thousands digit of 2783339665?
3
What is the tens digit of 87519188?
8
What is the thousands digit of 100098001?
8
What is the tens digit of 210097564?
6
What is the millions digit of 65259185?
5
What is the ten thousands digit of 859080564?
8
What is the ten thousands digit of 80385705?
8
What is the millions digit of 1240425078?
0
What is the billions digit of 1225837931?
1
What is the millions digit of 3401279195?
1
What is the ten thousands digit of 44109152?
0
What is the millions digit of 310301771?
0
What is the hundreds digit of 6668379426?
4
What is the millions digit of 204770278?
4
What is the ten millions digit of 71506326?
7
What is the ten millions digit of 90261157?
9
What is the units digit of 51239038?
8
What is the tens digit of 61710931?
3
What is the hundred thousands digit of 4718184633?
1
What is the hundred thousands digit of 58201612?
2
What is the hundred millions digit of 7375459022?
3
What is the ten millions digit of 39451654?
3
What is the hundreds digit of 7829815816?
8
What is the hundred millions digit of 774681158?
7
What is the thousands digit of 597264595?
4
What is the ten thousands digit of 3197925?
9
What is the tens digit of 54762237?
3
What is the ten thousands digit of 727868703?
6
What is the ten thousands digit of 1384840135?
4
What is the ten thousands digit of 1451825915?
2
What is the hundred thousands digit of 4879454884?
4
What is the hundreds digit of 165735813?
8
What is the hundred thousands digit of 15013800?
0
What is the billions digit of 3345370115?
3
What is the ten thousands digit of 21504880?
0
What is the units digit of 1545899349?
9
What is the millions digit of 37421282?
7
What is the units digit of 46697905?
5
What is the thousands digit of 436587462?
7
What is the billions digit of 5001633408?
5
What is the millions digit of 61898082?
1
What is the hundreds digit of 1848350?
3
What is the tens digit of 434484773?
7
What is the hundred thousands digit of 929197182?
1
What is the hundreds digit